{"id":815,"date":"2021-11-24T13:07:35","date_gmt":"2021-11-24T12:07:35","guid":{"rendered":"https:\/\/www.lleditions.be\/?post_type=product&#038;p=815"},"modified":"2025-06-02T13:01:43","modified_gmt":"2025-06-02T11:01:43","slug":"exhibition-des-rouages-et-logistique-de-la-monstration","status":"publish","type":"product","link":"https:\/\/www.lleditions.be\/index.php\/produit\/exhibition-des-rouages-et-logistique-de-la-monstration\/","title":{"rendered":"Exhibition des rouages et logistique de la monstration"},"content":{"rendered":"<p>[et_pb_section fb_built=\u00a0\u00bb1&Prime; _builder_version=\u00a0\u00bb4.16&Prime; custom_padding=\u00a0\u00bb0px||||false|false\u00a0\u00bb global_colors_info=\u00a0\u00bb{}\u00a0\u00bb][et_pb_row column_structure=\u00a0\u00bb1_2,1_2&Prime; _builder_version=\u00a0\u00bb4.16&Prime; background_size=\u00a0\u00bbinitial\u00a0\u00bb background_position=\u00a0\u00bbtop_left\u00a0\u00bb background_repeat=\u00a0\u00bbrepeat\u00a0\u00bb width=\u00a0\u00bb100%\u00a0\u00bb custom_margin=\u00a0\u00bb15px||||false|false\u00a0\u00bb custom_padding=\u00a0\u00bb45px||||false|false\u00a0\u00bb global_colors_info=\u00a0\u00bb{}\u00a0\u00bb][et_pb_column type=\u00a0\u00bb1_2&Prime; _builder_version=\u00a0\u00bb4.16&Prime; custom_padding=\u00a0\u00bb|||\u00a0\u00bb global_colors_info=\u00a0\u00bb{}\u00a0\u00bb custom_padding__hover=\u00a0\u00bb|||\u00a0\u00bb][et_pb_text _builder_version=\u00a0\u00bb4.16&Prime; _module_preset=\u00a0\u00bbdefault\u00a0\u00bb text_text_color=\u00a0\u00bb#000000&Prime; text_font_size=\u00a0\u00bb23px\u00a0\u00bb custom_margin=\u00a0\u00bb||5px||false|false\u00a0\u00bb global_colors_info=\u00a0\u00bb{}\u00a0\u00bb]<\/p>\n<p class=\"p1\">Exhibition des rouages et logistique de la monstration<\/p>\n<p>[\/et_pb_text][et_pb_text _builder_version=\u00a0\u00bb4.16&Prime; _module_preset=\u00a0\u00bbdefault\u00a0\u00bb global_colors_info=\u00a0\u00bb{}\u00a0\u00bb]<\/p>\n<p class=\"p1\"><span class=\"s1\"><\/span><\/p>\n<p class=\"p1\"><span class=\"s1\">d&rsquo;<\/span>Antoine Defoort, Julien Fournet et Halory Goerger<\/p>\n<p>[\/et_pb_text][et_pb_image src=\u00a0\u00bbhttps:\/\/www.lleditions.be\/wp-content\/uploads\/2021\/11\/livre4.jpg\u00a0\u00bb title_text=\u00a0\u00bblivre4&Prime; _builder_version=\u00a0\u00bb4.16&Prime; _module_preset=\u00a0\u00bbdefault\u00a0\u00bb width=\u00a0\u00bb78%\u00a0\u00bb global_colors_info=\u00a0\u00bb{}\u00a0\u00bb][\/et_pb_image][et_pb_gallery gallery_ids=\u00a0\u00bb819&Prime; fullwidth=\u00a0\u00bbon\u00a0\u00bb _builder_version=\u00a0\u00bb4.16&Prime; _module_preset=\u00a0\u00bbdefault\u00a0\u00bb title_text_color=\u00a0\u00bbRGBA(0,0,0,0)\u00a0\u00bb caption_text_align=\u00a0\u00bbleft\u00a0\u00bb pagination_font=\u00a0\u00bb|300|||||||\u00a0\u00bb pagination_text_color=\u00a0\u00bb#FCA311&Prime; pagination_font_size=\u00a0\u00bb1px\u00a0\u00bb text_orientation=\u00a0\u00bbleft\u00a0\u00bb global_colors_info=\u00a0\u00bb{}\u00a0\u00bb][\/et_pb_gallery][et_pb_text disabled_on=\u00a0\u00bbon|on|off\u00a0\u00bb _builder_version=\u00a0\u00bb4.16&Prime; _module_preset=\u00a0\u00bbdefault\u00a0\u00bb text_font_size=\u00a0\u00bb10px\u00a0\u00bb locked=\u00a0\u00bboff\u00a0\u00bb global_colors_info=\u00a0\u00bb{}\u00a0\u00bb]<\/p>\n<p><em>Cliquez sur l&rsquo;image pour l&rsquo;agrandir<\/em><\/p>\n<p>[\/et_pb_text][et_pb_slider _builder_version=\u00a0\u00bb4.16&Prime; _module_preset=\u00a0\u00bbdefault\u00a0\u00bb global_colors_info=\u00a0\u00bb{}\u00a0\u00bb][\/et_pb_slider][\/et_pb_column][et_pb_column type=\u00a0\u00bb1_2&Prime; _builder_version=\u00a0\u00bb4.16&Prime; custom_padding=\u00a0\u00bb|||\u00a0\u00bb global_colors_info=\u00a0\u00bb{}\u00a0\u00bb custom_padding__hover=\u00a0\u00bb|||\u00a0\u00bb][et_pb_divider show_divider=\u00a0\u00bboff\u00a0\u00bb disabled_on=\u00a0\u00bbon|on|off\u00a0\u00bb _builder_version=\u00a0\u00bb4.16&Prime; _module_preset=\u00a0\u00bbdefault\u00a0\u00bb global_colors_info=\u00a0\u00bb{}\u00a0\u00bb][\/et_pb_divider][et_pb_divider show_divider=\u00a0\u00bboff\u00a0\u00bb disabled_on=\u00a0\u00bbon|on|off\u00a0\u00bb _builder_version=\u00a0\u00bb4.16&Prime; _module_preset=\u00a0\u00bbdefault\u00a0\u00bb global_colors_info=\u00a0\u00bb{}\u00a0\u00bb][\/et_pb_divider][et_pb_divider show_divider=\u00a0\u00bboff\u00a0\u00bb disabled_on=\u00a0\u00bbon|on|off\u00a0\u00bb _builder_version=\u00a0\u00bb4.16&Prime; _module_preset=\u00a0\u00bbdefault\u00a0\u00bb global_colors_info=\u00a0\u00bb{}\u00a0\u00bb][\/et_pb_divider][et_pb_divider show_divider=\u00a0\u00bboff\u00a0\u00bb disabled_on=\u00a0\u00bbon|on|off\u00a0\u00bb _builder_version=\u00a0\u00bb4.16&Prime; _module_preset=\u00a0\u00bbdefault\u00a0\u00bb global_colors_info=\u00a0\u00bb{}\u00a0\u00bb][\/et_pb_divider][et_pb_divider show_divider=\u00a0\u00bboff\u00a0\u00bb disabled_on=\u00a0\u00bbon|on|off\u00a0\u00bb _builder_version=\u00a0\u00bb4.16&Prime; _module_preset=\u00a0\u00bbdefault\u00a0\u00bb global_colors_info=\u00a0\u00bb{}\u00a0\u00bb][\/et_pb_divider][et_pb_text _builder_version=\u00a0\u00bb4.16&Prime; _module_preset=\u00a0\u00bbdefault\u00a0\u00bb global_colors_info=\u00a0\u00bb{}\u00a0\u00bb]<\/p>\n<p class=\"p1\">L\u2019Amicale de production est une exp\u00e9rience coop\u00e9rative qui r\u00e9pond \u00e0 des questionnements esth\u00e9tiques, technologiques et \u00e9conomiques li\u00e9s aux nouvelles \u00e9critures de la sc\u00e8ne.<br \/>Ils d\u00e9veloppent une r\u00e9flexion autour de la production de formes hybrides (du spectacle \u00e0 la sucette g\u00e9ante). L\u2019Amicale \u00e9dite des formes transversales, entre spectacle vivant et arts visuels.<br \/>L\u2019Amicale a \u00e9t\u00e9 cr\u00e9\u00e9e en 2010 par Antoine Defoort, Julien Fournet et Halory Goerger.<\/p>\n<p class=\"p1\">Cet ouvrage contient\u00a0:<\/p>\n<p class=\"p1\"><span class=\"Apple-tab-span\"> <\/span>\u2022<span class=\"Apple-tab-span\"> <\/span>une pr\u00e9sentation des projets de l\u2019Amicale de production en portfolio<br \/>\u2022<span class=\"Apple-tab-span\"> <\/span>un ensemble de documents li\u00e9s \u00e0 l\u2019installation\/performance<em> &amp;&amp;&amp;&amp;&amp; &amp; &amp;&amp;&amp;<\/em><br \/>\u2022<span class=\"Apple-tab-span\"> <\/span>deux chroniques relatant une cr\u00e9ation collective<br \/>\u2022<span class=\"Apple-tab-span\"> <\/span>le jeu de l\u2019oie du spectacle vivant<\/p>\n<p>[\/et_pb_text][et_pb_text _builder_version=\u00a0\u00bb4.16&Prime; _module_preset=\u00a0\u00bbdefault\u00a0\u00bb text_font=\u00a0\u00bb||||||||\u00a0\u00bb border_width_top=\u00a0\u00bb1px\u00a0\u00bb border_color_top=\u00a0\u00bb#B2B2B2&Prime; border_width_bottom=\u00a0\u00bb1px\u00a0\u00bb border_color_bottom=\u00a0\u00bb#B2B2B2&Prime; global_colors_info=\u00a0\u00bb{}\u00a0\u00bb]<\/p>\n<p class=\"p1\">\n<p class=\"p1\">146 pages<\/p>\n<p class=\"p1\">Co\u00e9dition qui s\u2019inscrit suite \u00e0 l\u2019accompagnement \u00e0 la recherche des divers projets men\u00e9s par l\u2019Amicale de production.<br \/>\u00c9ditions du Centre Pompidou-Metz \/ Amicale de production \/ Ph\u00e9nix-sc\u00e8ne nationale Valenciennes \/ L\u2019L, 2013<\/p>\n<p class=\"p1\">Textes (langue fran\u00e7aise) + Jeu de l\u2019oie du spectacle vivant<\/p>\n<p class=\"p1\">ISBN 978-2-35983-013-2<\/p>\n<p class=\"p2\"><span class=\"s2\"><\/span><\/p>\n<p>[\/et_pb_text][et_pb_text _builder_version=\u00a0\u00bb4.27.4&Prime; _module_preset=\u00a0\u00bbdefault\u00a0\u00bb hover_enabled=\u00a0\u00bb0&Prime; global_colors_info=\u00a0\u00bb{}\u00a0\u00bb sticky_enabled=\u00a0\u00bb0&Prime;]<\/p>\n<p class=\"p1\">Cet ouvrage est disponible en consultation dans les locaux de L\u2019L \u00e9ditions.<\/p>\n<p><i>Pour toute demande, n\u2019h\u00e9sitez pas \u00e0 nous contacter \u00e0 l\u2019adresse<\/i><em><span class=\"Apple-converted-space\"><span> <a href=\"mailto:contact@lleditions.be\">contact@lleditions.be<\/a><\/span><\/span><\/em><\/p>\n<p>[\/et_pb_text][\/et_pb_column][\/et_pb_row][\/et_pb_section]<\/p>\n","protected":false},"excerpt":{"rendered":"<p>Exhibition des rouages et logistique de la monstration d&rsquo;Antoine Defoort, Julien Fournet et Halory GoergerCliquez sur l&rsquo;image pour l&rsquo;agrandirL\u2019Amicale de production est une exp\u00e9rience coop\u00e9rative qui r\u00e9pond \u00e0 des questionnements esth\u00e9tiques, technologiques et \u00e9conomiques li\u00e9s aux nouvelles \u00e9critures de la sc\u00e8ne.Ils d\u00e9veloppent une r\u00e9flexion autour de la production de formes hybrides (du spectacle \u00e0 la [&hellip;]<\/p>\n","protected":false},"featured_media":560,"template":"","meta":{"_et_pb_use_builder":"on","_et_pb_old_content":"","_et_gb_content_width":""},"product_brand":[],"product_cat":[28],"product_tag":[],"class_list":{"0":"post-815","1":"product","2":"type-product","3":"status-publish","4":"has-post-thumbnail","6":"product_cat-avant-2016","8":"first","9":"instock","10":"shipping-taxable","11":"product-type-simple"},"_links":{"self":[{"href":"https:\/\/www.lleditions.be\/index.php\/wp-json\/wp\/v2\/product\/815","targetHints":{"allow":["GET"]}}],"collection":[{"href":"https:\/\/www.lleditions.be\/index.php\/wp-json\/wp\/v2\/product"}],"about":[{"href":"https:\/\/www.lleditions.be\/index.php\/wp-json\/wp\/v2\/types\/product"}],"wp:featuredmedia":[{"embeddable":true,"href":"https:\/\/www.lleditions.be\/index.php\/wp-json\/wp\/v2\/media\/560"}],"wp:attachment":[{"href":"https:\/\/www.lleditions.be\/index.php\/wp-json\/wp\/v2\/media?parent=815"}],"wp:term":[{"taxonomy":"product_brand","embeddable":true,"href":"https:\/\/www.lleditions.be\/index.php\/wp-json\/wp\/v2\/product_brand?post=815"},{"taxonomy":"product_cat","embeddable":true,"href":"https:\/\/www.lleditions.be\/index.php\/wp-json\/wp\/v2\/product_cat?post=815"},{"taxonomy":"product_tag","embeddable":true,"href":"https:\/\/www.lleditions.be\/index.php\/wp-json\/wp\/v2\/product_tag?post=815"}],"curies":[{"name":"wp","href":"https:\/\/api.w.org\/{rel}","templated":true}]}}

<p>[et_pb_section fb_built= »1&Prime; _builder_version= »4.16&Prime; custom_padding= »0px||||false|false » global_colors_info= »{} »][et_pb_row column_structure= »1_2,1_2&Prime; _builder_version= »4.16&Prime; background_size= »initial » background_position= »top_left » background_repeat= »repeat » width= »100% » custom_margin= »15px||||false|false » custom_padding= »45px||||false|false » global_colors_info= »{} »][et_pb_column type= »1_2&Prime; _builder_version= »4.16&Prime; custom_padding= »||| » global_colors_info= »{} » custom_padding__hover= »||| »][et_pb_text _builder_version= »4.16&Prime; _module_preset= »default » text_text_color= »#000000&Prime; text_font_size= »23px » custom_margin= »||5px||false|false » global_colors_info= »{} »]</p>
<p class="p1">Exhibition des rouages et logistique de la monstration</p>
<p>[/et_pb_text][et_pb_text _builder_version= »4.16&Prime; _module_preset= »default » global_colors_info= »{} »]</p>
<p class="p1"><span class="s1"></span></p>
<p class="p1"><span class="s1">d&rsquo;</span>Antoine Defoort, Julien Fournet et Halory Goerger</p>
<p>[/et_pb_text][et_pb_image src= »https://www.lleditions.be/wp-content/uploads/2021/11/livre4.jpg » title_text= »livre4&Prime; _builder_version= »4.16&Prime; _module_preset= »default » width= »78% » global_colors_info= »{} »][/et_pb_image][et_pb_gallery gallery_ids= »819&Prime; fullwidth= »on » _builder_version= »4.16&Prime; _module_preset= »default » title_text_color= »RGBA(0,0,0,0) » caption_text_align= »left » pagination_font= »|300||||||| » pagination_text_color= »#FCA311&Prime; pagination_font_size= »1px » text_orientation= »left » global_colors_info= »{} »][/et_pb_gallery][et_pb_text disabled_on= »on|on|off » _builder_version= »4.16&Prime; _module_preset= »default » text_font_size= »10px » locked= »off » global_colors_info= »{} »]</p>
<p><em>Cliquez sur l&rsquo;image pour l&rsquo;agrandir</em></p>
<p>[/et_pb_text][et_pb_slider _builder_version= »4.16&Prime; _module_preset= »default » global_colors_info= »{} »][/et_pb_slider][/et_pb_column][et_pb_column type= »1_2&Prime; _builder_version= »4.16&Prime; custom_padding= »||| » global_colors_info= »{} » custom_padding__hover= »||| »][et_pb_divider show_divider= »off » disabled_on= »on|on|off » _builder_version= »4.16&Prime; _module_preset= »default » global_colors_info= »{} »][/et_pb_divider][et_pb_divider show_divider= »off » disabled_on= »on|on|off » _builder_version= »4.16&Prime; _module_preset= »default » global_colors_info= »{} »][/et_pb_divider][et_pb_divider show_divider= »off » disabled_on= »on|on|off » _builder_version= »4.16&Prime; _module_preset= »default » global_colors_info= »{} »][/et_pb_divider][et_pb_divider show_divider= »off » disabled_on= »on|on|off » _builder_version= »4.16&Prime; _module_preset= »default » global_colors_info= »{} »][/et_pb_divider][et_pb_divider show_divider= »off » disabled_on= »on|on|off » _builder_version= »4.16&Prime; _module_preset= »default » global_colors_info= »{} »][/et_pb_divider][et_pb_text _builder_version= »4.16&Prime; _module_preset= »default » global_colors_info= »{} »]</p>
<p class="p1">L’Amicale de production est une expérience coopérative qui répond à des questionnements esthétiques, technologiques et économiques liés aux nouvelles écritures de la scène.<br />Ils développent une réflexion autour de la production de formes hybrides (du spectacle à la sucette géante). L’Amicale édite des formes transversales, entre spectacle vivant et arts visuels.<br />L’Amicale a été créée en 2010 par Antoine Defoort, Julien Fournet et Halory Goerger.</p>
<p class="p1">Cet ouvrage contient :</p>
<p class="p1"><span class="Apple-tab-span"> </span>•<span class="Apple-tab-span"> </span>une présentation des projets de l’Amicale de production en portfolio<br />•<span class="Apple-tab-span"> </span>un ensemble de documents liés à l’installation/performance<em> &amp;&amp;&amp;&amp;&amp; &amp; &amp;&amp;&amp;</em><br />•<span class="Apple-tab-span"> </span>deux chroniques relatant une création collective<br />•<span class="Apple-tab-span"> </span>le jeu de l’oie du spectacle vivant</p>
<p>[/et_pb_text][et_pb_text _builder_version= »4.16&Prime; _module_preset= »default » text_font= »|||||||| » border_width_top= »1px » border_color_top= »#B2B2B2&Prime; border_width_bottom= »1px » border_color_bottom= »#B2B2B2&Prime; global_colors_info= »{} »]</p>
<p class="p1">
<p class="p1">146 pages</p>
<p class="p1">Coédition qui s’inscrit suite à l’accompagnement à la recherche des divers projets menés par l’Amicale de production.<br />Éditions du Centre Pompidou-Metz / Amicale de production / Phénix-scène nationale Valenciennes / L’L, 2013</p>
<p class="p1">Textes (langue française) + Jeu de l’oie du spectacle vivant</p>
<p class="p1">ISBN 978-2-35983-013-2</p>
<p class="p2"><span class="s2"></span></p>
<p>[/et_pb_text][et_pb_text _builder_version= »4.27.4&Prime; _module_preset= »default » hover_enabled= »0&Prime; global_colors_info= »{} » sticky_enabled= »0&Prime;]</p>
<p class="p1">Cet ouvrage est disponible en consultation dans les locaux de L’L éditions.</p>
<p><i>Pour toute demande, n’hésitez pas à nous contacter à l’adresse</i><em><span class="Apple-converted-space"><span> <a href="mailto:contact@lleditions.be">contact@lleditions.be</a></span></span></em></p>
<p>[/et_pb_text][/et_pb_column][/et_pb_row][/et_pb_section]</p>

<p>Exhibition des rouages et logistique de la monstration d&rsquo;Antoine Defoort, Julien Fournet et Halory GoergerCliquez sur l&rsquo;image pour l&rsquo;agrandirL’Amicale de production est une expérience coopérative qui répond à des questionnements esthétiques, technologiques et économiques liés aux nouvelles écritures de la scène.Ils développent une réflexion autour de la production de formes hybrides (du spectacle à la [&hellip;]</p>
